6. Suppose x - 6*x - 5 = 0. Let k be (-1 + x)*(2 - 44/8). Let u be h(k). What is the highest common divisor of 40 and u?
8
Let d be (-6)/(1 + (-332)/324). Suppose -8*t = -d - 173. Calculate the greatest common factor of t and 182.
26
Let s be 2/(-3 - (-1551)/516). Let y be (21 - -16) + 5 + (-2)/1 + 3. What is the highest common factor of y and s?
43
Let y = -19023 - -19071. What is the greatest common factor of y and 304?
16
Suppose -3*h + 18 = 0, 0 = 5*k + 20*h - 21*h - 27004. What is the greatest common divisor of 219 and k?
73
Let m(v) = -v**3 + 6*v**2 + v - 6. Let p be m(5). Let i be ((-12)/(-4) + -2)*8/(-2). Let a be (5 - (6 - 8)) + i. Calculate the highest common factor of a and p.
3
Suppose 93*k - 88*k = 175. Let v be (-1)/(-2 - 1 - (-734)/245). What is the greatest common factor of v and k?
35
Let b(m) = 2*m**3 - 47*m**2 - 54*m + 100. Let u be b(25). Calculate the highest common factor of u and 150.
25
Let u(n) = -n + 2. Let b be u(-6). Suppose -q + 4*h = -16, -8*q + 9*q + 4*h = -b. Calculate the greatest common divisor of 18 and q.
2
Suppose -994*r = -989*r - 3230. Suppose 0 = -0*m - 6*m + 102. Calculate the highest common divisor of r and m.
17
Suppose 0*n - 4*n = -12. Suppose -n*y = -x - 8*y - 11, 5*x - 41 = -y. Let r = 93909 + -93684. Calculate the greatest common factor of x and r.
9
Suppose m + 0 - 19 = -5*g, m - 10 = -2*g. Suppose -3*o = -5*j + 1152, -j + 4*j - g*o = 690. What is the highest common divisor of j and 21?
21
Suppose -304*d = -300*d - 12. Suppose 2*u - 201 = -d*o, 3*o - 4*u = 257 - 74. What is the greatest common factor of 26 and o?
13
Let r be (-14)/2*612/(-14). Let w(q) = -q**3 + 35*q**2 + 115*q - 4. Let c be w(38). Calculate the highest common factor of c and r.
34
Let n(w) = w**2 - 17*w + 40. Let d be n(-13). Let u = d + -418. What is the highest common divisor of u and 8?
4
Suppose 3*j = -4*d - 8386, -8 = -4*d + 6*d. Let h be j/(-14) + -1 - 12/42. What is the greatest common divisor of h and 22?
22
Let t be (456/7)/((-250)/(-35) - (9 + -2)). Calculate the highest common divisor of t and 399.
57
Suppose 84658*y - 84677*y = -283746. Calculate the highest common factor of 152 and y.
38
Let g be 12/(1 + 1)*(-7)/(-14). Suppose 5*b + 21 = 4*p, 4*p - 42 = -g*b + b. Let n(a) = a - 3. Let v be n(p). What is the greatest common factor of 42 and v?
6
Suppose 31*l - 26*l = -4*d + 2442, -5*l + 2448 = d. What is the greatest common factor of l and 10?
10
Let b = 109 + -155. Let g = -20 - b. Let y be (2 + -4)*-93 - 4. What is the greatest common factor of y and g?
26
Suppose 8*q - 220 = 4*q. Let i = q + -51. Suppose 2*v = -i*f + v + 288, -5*v - 360 = -5*f. Calculate the greatest common factor of f and 8.
8
Let a(r) = -r**3 + 29*r**2 + 114*r - 196. Let m be a(27). Calculate the highest common divisor of 105 and m.
35
Suppose 0 = -2*a - 4*c - 10, -4*a - 9*c = -5*c. Let o(u) = u + 3. Let m be o(6). Suppose a*w + 4 = m*w. What is the highest common divisor of 5 and w?
1
Suppose -5 = -2*k - 56*q + 61*q, -q = -k + 4. What is the greatest common factor of 95 and k?
5
Let c(i) = i**3 + 12*i - 2401*i**2 - 40*i - 4 + 2386*i**2. Let b be c(17). What is the highest common factor of 2 and b?
2
Let o(l) = -3484*l - 824. Let p be o(-1). What is the highest common divisor of 112 and p?
28
Let a(p) = 17*p - 212. Let m be a(17). What is the highest common factor of 10087 and m?
77
Suppose 3*p - 5 = -2*p, -5*j + 2*p + 13 = 0. Suppose g - 2*u = -j*u + 53, -u + 227 = 4*g. Calculate the greatest common divisor of g and 2.
2
Let f(c) = -c**2 - 9*c - 10. Let i be f(-7). Suppose 6*z - i*z = 184. Let s be 14/(-8) + 1 + 25530/184. Calculate the highest common factor of z and s.
46
Suppose -5*a + 14 = -6. Let s be (-4 + 3)/(a/(-4)). Let o = 59 + s. What is the greatest common divisor of o and 24?
12
Let m be 46483 - ((-28)/(3 + -7) - 6). Calculate the highest common divisor of 366 and m.
366
Let w(m) = 3 - 9 + 2*m + 27. Let v be w(-9). Let b be -2*(-2 + v - 114/4). Calculate the greatest common factor of 22 and b.
11
Let m = -233 - -249. Suppose m*n - 12*n - 432 = 0. Calculate the highest common divisor of 84 and n.
12
Let z(b) = 138*b + 1418. Let t be z(-10). What is the greatest common divisor of t and 10336?
38
Let h be -406*(678/(-565))/(2 + (-53)/30). What is the greatest common factor of h and 36?
36
Suppose -4*v + v = -9. Let u be (9/(297/(-22)))/((-2)/6). Suppose 5*r - 235 = 5*l, 0 = u*r - v*l - 6 - 90. What is the greatest common divisor of 27 and r?
9
Let h(c) = -7*c**3 - 13*c**2 - 94*c + 24. Let i be h(-5). Calculate the greatest common divisor of 414 and i.
18
Suppose -486 - 374 = -4*y + 5*j, 27*y + 5*j = 5805. Suppose -5*u = 4*o - 369, 2*o - 5*u - 233 = -o. What is the highest common divisor of o and y?
43
Let c be ((-1)/(-3)*1)/(156/2340). Let b be -6*(-3)/(-12) + 1012/8. What is the greatest common factor of b and c?
5
Suppose -9*i - 7 = -10*i. Suppose 424 = i*s - 360. Suppose -3*o + s = -o. Calculate the highest common factor of o and 140.
28
Suppose -2*r + 52*q - 49*q = -348, q = 3*r - 508. Calculate the highest common divisor of 816 and r.
24
Let y(r) = -16*r**2 - 899*r - 58. Let k be y(-56). Suppose -3*z - 24 + 189 = 0. Calculate the greatest common factor of z and k.
55
Suppose -3039 = -4*z + 3*g, -77*z + 5*g = -79*z + 1513. Calculate the greatest common divisor of 363 and z.
33
Let j(b) = -b**2 + 93*b + 586. Let y be j(64). Calculate the highest common divisor of y and 99.
33
Let h(r) = -3601*r + 1052. Let x be h(-1). Calculate the highest common factor of 9 and x.
9
Suppose -3*m = -2*b + 322, -b = 3*b - 5*m - 650. What is the highest common divisor of b and 5746?
34
Suppose 5*p + 349 = 4*r - 85, 0 = 4*r + 4*p - 488. Calculate the highest common factor of 20 and r.
4
Let b be 24/(-14) + 18/(-63). Let s = 17 - b. Let u = 35 - s. What is the greatest common factor of u and 32?
16
Let o = -88 - -76. Let j be o*(-6)/9 + -4. Let v(x) = x**2 + 2. Let t be v(-2). Calculate the highest common divisor of t and j.
2
Let l = 80 + -80. Suppose -4*t + 4*s + 15 = -s, 4*s - 4 = l. Calculate the highest common divisor of 135 and t.
5
Let n = 334 - 234. Suppose 7*w = n + 26. Let y be 64/10 - 10/25. Calculate the greatest common factor of y and w.
6
Suppose 111 = 3*n + 87. Let l = -429 - -557. Calculate the greatest common divisor of l and n.
8
Let v(q) = -19*q + 4264. Let f be v(10). What is the highest common factor of f and 294?
42
Let a be (-2 + 16/(-24))*9/(-2). Suppose a*y - 816 = 1524. What is the greatest common divisor of 10 and y?
5
Let z(n) = -5*n - 231. Let s be z(-44). Let q be (-308)/s - (-6)/(-2). Calculate the greatest common factor of q and 125.
25
Let y = 2124 + -526. Let t = -4137 + 4171. What is the highest common factor of y and t?
34
Let h be -18*(-7 + 207/27 + -5). Suppose -4*z = -2*t + 12, -2*z - 39 = -3*t - 9. Calculate the highest common factor of t and h.
6
Let p = -64 - -106. Let s = -329953 - -330058. What is the highest common factor of s and p?
21
Suppose -95*h + 8160 = 33*h - 8*h. Suppose 3*f - 388 = 326. What is the greatest common factor of f and h?
34
Let u be -3 + 3 + 1 + 0 + 1. Suppose 3*c - 160 = -5*o, 0 = 94*c - 89*c. Calculate the highest common divisor of o and u.
2
Suppose 6*i - 2420 = -5*i. Let b = 230 - i. What is the highest common factor of 2 and b?
2
Suppose 0 = 52*c - 53*c - 6. Let n(d) = -11*d + 11. Let f be n(c). What is the highest common divisor of f and 7?
7
Let x = -11764 - -11919. What is the highest common divisor of x and 868?
31
Let o be (-28)/(-4) - (-3 - 0). Let l(u) = 14*u - 28. Let f be l(o). Suppose 31*v = 26*v + 160. Calculate the greatest common divisor of f and v.
16
Let k be -1*5949/(-15) - 6/10. Suppose 11*b = 5*b + k. What is the greatest common divisor of b and 165?
33
Let c(b) be the first derivative of b**4/4 + 13*b**3/3 + 8*b**2 + b - 2. Let f be c(-8). Let l = f - 113. Calculate the highest common factor of l and 10.
10
Let w(n) = -n**2 + 51*n + 767. Let s be w(63). Calculate the greatest common divisor of s and 24.
1
Let i(f) = 21*f**3 + 4*f**2 - 14. Let a be i(2). What is the highest common divisor of a and 2?
2
Let y be -5 + 5 - (-5 + -74). Let f = y - 39. What is the greatest common factor of f and 160?
40
Suppose -387*r = -110942 - 79604 - 80354. What is the greatest 